 -19 = -3*u - 7. Let a be 7 + (-8)/(u - 2). Suppose 21 = v - a*r, 4*v + 4*r - 67 = -v. List the prime factors of v.
3, 5
Let r be (32/(-12) - -3)*12. Let h be (10 + -7)*(r - 1). Suppose w - 4*f = 4 + 10, w - h = -f. What are the prime factors of w?
2, 5
What are the prime factors of (-7568)/(-28) + 10 - (-2)/(-7)?
2, 5, 7
Let f = 36 - 32. Suppose f*i = r + 277, -4*r + 3*r = 5*i - 353. What are the prime factors of i?
2, 5, 7
Suppose 2*b + 5*m - 72 = 0, 5*b - m - 174 = -21. Let t = b + -17. What are the prime factors of t?
2, 7
Let m(l) = -5*l - 23. Let v be m(-8). Let y(u) = -u**3 + 16*u**2 + 22*u + 35. List the prime factors of y(v).
2, 3, 5
Let a be 1/((-2)/(-2) - 0). Let k be a*2 + -3 + 1. Suppose 4*l - 4*s = 120, 2*l - s - 46 - 16 = k. What are the prime factors of l?
2
Suppose 97*b - 86*b - 4378 = 0. List the prime factors of b.
2, 199
Let a(z) = z**3 - 12*z**2 + 18*z + 8. Let y be a(10). List the prime factors of y/9 + (-9295)/(-39).
3, 79
Let r(p) = 3*p**3 - 23*p**2 - 3*p - 6. Let d(o) = -o**3 + 11*o**2 + 2*o + 3. Let j(a) = 5*d(a) + 2*r(a). List the prime factors of j(-6).
3, 29
Let x(g) = g**3 + 4*g**2 + 3. Let v be x(-4). Suppose -4*j + 391 = -u, -v*u - 379 = -4*j - 6*u. List the prime factors of j.
97
Let s = 0 + -8. Let h(a) = -35*a - 20 + 13*a + 16*a. What are the prime factors of h(s)?
2, 7
Let g(p) = 3*p - 11. Let q = -21 - -14. Let k(c) = -c**3 - 7*c**2 - 2*c - 3. Let u be k(q). What are the prime factors of g(u)?
2, 11
Suppose -5*v - 461 = -3*h, -v + h + 180 = -3*v. Let w be 1*((0 - 65) + 0). Let t = w - v. List the prime factors of t.
2, 13
Let l(q) = 16*q. Let h(o) = 1 + o + 12 - 3. Let n be h(-8). What are the prime factors of l(n)?
2
Let s = -6 - -8. Suppose u - s*u = -5*f + 256, -3*f + 154 = -u. List the prime factors of f.
3, 17
Let u = 31 - 33. What are the prime factors of ((-2)/6)/(u/102)?
17
Let r = -10 + 20. Suppose -13*p + 381 = -r*p. List the prime factors of p.
127
Suppose -3234 = -4*b - 5*c, -227*c + 224*c = b - 812. List the prime factors of b.
2, 13, 31
Let x(r) = 2*r**3 - 2*r**2 + 6*r - 19. What are the prime factors of x(7)?
13, 47
Let d = 466 - 329. Suppose 0 = -4*r + d + 195. List the prime factors of r.
83
Let b(x) = 2*x**2 + 2*x - 4. Suppose -h - 3 - 2 = -t, 0 = 2*h + 3*t + 5. Let l be b(h). Let m = l - -8. What are the prime factors of m?
2, 7
Suppose 33*f = 32*f + 3*z + 81, -315 = -4*f + 3*z. Let j(k) = -k**2. Let i be j(2). What are the prime factors of 4/(-3)*f/i?
2, 13
Let y(x) = x**3 - 5*x**2 - 4. Let i be y(5). Let w be (i/14)/(5/(-70)). List the prime factors of 25*(96/20)/w.
2, 3, 5
Let g be (-7)/(-1) + -1 + 1. Suppose d - 22 = 25*m - 28*m, 0 = 5*d - 20. What are the prime factors of g*(-2 + m - 2)?
2, 7
Suppose 4*c = -4*o, o + 0*o - c = 0. Let u(v) = 5*v**2 + o + 2*v - 1 + 5. List the prime factors of u(-2).
2, 5
Suppose 9043 = 8*s - 2781. List the prime factors of s.
2, 739
Suppose -t - 78 = 3*b, t - 5*b + 211 = -t. Suppose 2*i = -2*w - 75 - 33, -310 = 5*w - 5*i. Let c = w - t. List the prime factors of c.
5, 7
Let h(a) = 7*a - 1. Let v be h(6). Suppose -s + 56 = 71. Let p = s + v. What are the prime factors of p?
2, 13
Let b(n) = -n**3 - 22*n**2 + 2*n + 46. Let s be b(-22). Suppose 0 = -s*m - 377 + 577. What are the prime factors of m?
2, 5
Let n(y) be the second derivative of -y**5/20 + 7*y**4/12 - y**3 - 6*y. Let x be n(6). Suppose x*u - 5*u + 130 = 0. What are the prime factors of u?
2, 13
Let r(b) = 443*b + 319. What are the prime factors of r(4)?
3, 17, 41
Suppose -3*c + 5*v - 1 = 0, -5*v = -4*c - 2 + 4. Suppose c*g + 3*g = -108. Let n(k) = k**2 + 16*k + 11. What are the prime factors of n(g)?
47
Let c be -601 - 2 - (9 - 12). Let u = -396 - c. List the prime factors of u.
2, 3, 17
Let w(r) = -84*r + 347. List the prime factors of w(-15).
1607
Let c(t) = 32*t**2 + 11*t + 10. List the prime factors of c(-4).
2, 239
What are the prime factors of 179 - -2 - (-5)/(-1)?
2, 11
Suppose -2*j = 2*l - 6, 0 = -3*j - 4*l + 11 - 0. Suppose -j = 4*r + 15. Let v(k) = -14*k - 9. List the prime factors of v(r).
47
List the prime factors of 2294 - (81/(-21) - 18/(-21)).
2297
Let h(u) = -u + 2. Let d be h(-4). Suppose d*y - 8*y - 8 = 0. What are the prime factors of 1/y - 292/(-16)?
2, 3
Let h = -3 + 11. Let p = h - -56. List the prime factors of p.
2
Suppose l - 50 = -l. List the prime factors of l*3 + 9/(-9).
2, 37
Let t(q) = 4*q**2 + 47*q - 4. List the prime factors of t(-14).
2, 61
Let m(f) = -f - 1 - f - 55*f**3 - f**2 + 0*f**2. Let x be m(-1). Suppose 3*n = -2*n + x. List the prime factors of n.
11
Suppose -1182 = -t + 2*r, 3*r - 4767 = -4*t - 2*r. What are the prime factors of t?
2, 3, 11
Let t = -15 + 20. Suppose -1 = -4*a + t*a. Let v = 6 + a. List the prime factors of v.
5
Suppose 62543 = 23*n - 56183. List the prime factors of n.
2, 29, 89
Let l(p) = -9*p. Let f(h) = h**3 + 8*h**2 + 7*h - 1. Let x be f(-7). Let s be l(x). Suppose -4*w + 2*u = -32, -w + u = 2 - s. What are the prime factors of w?
3
Let x(b) be the first derivative of -b**4/4 - 3*b**3 - 5*b**2/2 - 5*b + 11. List the prime factors of x(-9).
2, 5
Let b be 2/14 + 60/21. What are the prime factors of (-4 + b)*97/(-1)?
97
Suppose 6 = -4*j - c + 19, 0 = 3*j - 4*c + 14. Suppose j*y + 7*m = 2*m + 9, -5*y + 2*m + 8 = 0. Suppose 6*h = y*h + 108. List the prime factors of h.
3
Let n(f) = -2*f**2 + 2*f + 208. Let u be n(0). Let h = u - 106. What are the prime factors of h?
2, 3, 17
Suppose -5*y - 6*o = -o - 10, 0 = -4*o. Suppose 0 = -y*i - 13 + 33. Suppose -5*p = -i, 2*w + 4*p - 3*p = 38. List the prime factors of w.
2, 3
Suppose 280*i - 6372 = 271*i. List the prime factors of i.
2, 3, 59
Let l be (35/(-5))/((-3)/(-15)). Let h be 8/4 - (l - -1). Suppose 15*o - 18*o + h = 0. List the prime factors of o.
2, 3
Let z be (8/(-10))/((-2)/10). Suppose -5*m - 16 = -z*o, 3*m = 5*o - 12 - 8. What are the prime factors of (m - (-4)/(-1))*-5?
2, 5
Suppose 0*l + 115 = 5*l. Let w = 26 - l. Suppose 124 = w*h - 71. What are the prime factors of h?
5, 13
Suppose 0 = -5*o + o + 20. Suppose m + o*m = 90. What are the prime factors of m?
3, 5
Suppose 5*o = 4*u - 4221, -u - 3*o = u - 2105. Suppose 0*f - h - u = -4*f, f - 271 = 4*h. List the prime factors of f.
263
Let r(h) be the first derivative of 3*h**4/8 + h**3/2 + 3*h**2 - 10. Let b(c) be the second derivative of r(c). What are the prime factors of b(8)?
3, 5
Suppose 38 + 4250 = 8*k. Suppose -7*p + 178 = -k. What are the prime factors of p?
2, 3, 17
Let d = 17 + -38. Let t = -11 - d. What are the prime factors of t?
2, 5
Suppose -m + 4*v + 116 = 0, 0 = 4*m + 4*v - 432 - 72. What are the prime factors of m?
2, 31
Let j be 3/(-4) - 11/(-4). Suppose -9*d + 987 = -j*d. List the prime factors of d.
3, 47
Let c(y) = 233*y - 204. List the prime factors of c(10).
2, 1063
Suppose 4*a - 10 = -a. Suppose -k - 50 + 213 = a*d, 3*k = -3*d + 237. What are the prime factors of d?
2, 3, 7
Suppose -549 = r - 2*r + 4*a, -1120 = -2*r - 3*a. List the prime factors of r.
557
Let l = 494 + -243. Suppose -3*w + l = -346. List the prime factors of w.
199
Suppose -3*r = -4*o + 3, 2*o + 3*r - 2 = -5. Suppose o = 25*m - 24*m + 2. List the prime factors of (-430)/(-14) - m/7.
31
Suppose 5*h - n - 63 = 0, 4*h - n - 45 = -2*n. Suppose 4*t = 24 + h. Let x(q) = -q**3 + 9*q**2 + 6*q - 6. What are the prime factors of x(t)?
2, 3
Suppose 1937 = 6*p - 19651. List the prime factors of p.
2, 7, 257
Let h(l) = 2*l**2 + 5*l + 3. Let n be h(-3). Suppose -8 = -7*o + n. List the prime factors of (-25)/o*(-22 - -20).
5
Let x = 1378 + -826. List the prime factors of x.
2, 3, 23
Suppose -c = -4*c + 9. Let p be 20/1 - (0 + 0). Let j = p - c. What are the prime factors of j?
17
Suppose -2*a = -5122 + 668. List the prime factors of a.
17, 131
Let q(r) = -8*r**3 + 3*r**2 + 2*r + 2. Let l be q(-2). Suppose 6*v - l = 4. Suppose -94 = -3*w - v. What are the prime factors of w?
3
Let u = -1684 + 2647. What are the prime factors of u?
3, 107
Let l(c) be the third derivative of -c**6/120 + 3*c**5/20 - c**4/3 + 2*c**3/3 - 19*c**2. Let v = 8 + 0. List the prime factors of l(v).
2
List the prime factors of ((-498)/(-21))/(2/14).
2, 83
Let c(t) = 418*t - 684. What are the prime factors of c(10)?
2, 19, 23
Suppose 4*u - 32 = -t - t, t + u = 16. Let s = 20 - t. What